5131688187 a composite number?
False
Is 21318823649 composite?
False
Is 670601929 composite?
True
Is 58336591061 a prime number?
False
Is 1193353211 a composite number?
False
Is 4902159949 a prime number?
False
Is 12262682753 a composite number?
False
Is 817970519 composite?
False
Is 7693652471 a prime number?
True
Is 16496195977 prime?
True
Is 1474620313 composite?
True
Is 40157212642 prime?
False
Is 771812011 a prime number?
False
Is 2367950147 composite?
False
Is 3501139877 a prime number?
False
Is 164487277 a composite number?
False
Is 125005922429 prime?
True
Is 172053390593 a prime number?
False
Is 2307287611 prime?
True
Is 930801397 a prime number?
True
Is 813720311 a composite number?
True
Is 153631883 prime?
False
Is 1030903541 a composite number?
True
Is 298948879 composite?
True
Is 1778827021 prime?
True
Is 418058471 prime?
True
Is 69001059931 prime?
True
Is 277909097 prime?
True
Is 3612438097 composite?
True
Is 1156247947 prime?
False
Is 38537405779 prime?
True
Is 2856384799 prime?
True
Is 282510457 composite?
False
Is 431450443 composite?
False
Is 307478113 prime?
True
Is 1916214649 prime?
False
Is 1335735979 prime?
False
Is 43612111 a prime number?
True
Is 30247751167 a composite number?
True
Is 1314864547 a prime number?
False
Is 965785213 a prime number?
True
Is 137113771 a prime number?
False
Is 85790675447 a prime number?
True
Is 2351270701 composite?
True
Is 6140582293 prime?
False
Is 29978297981 a prime number?
False
Is 47745560537 prime?
True
Is 60232074469 composite?
True
Is 851055127 a prime number?
False
Is 454485931689 a prime number?
False
Is 210037693 prime?
False
Is 8004680737 a composite number?
True
Is 8012191809 composite?
True
Is 1132607379 a prime number?
False
Is 64472934437 a composite number?
False
Is 36114961231 a composite number?
True
Is 1207661673 composite?
True
Is 3642396551 a composite number?
True
Is 6396950237 prime?
True
Is 21770698679 a composite number?
True
Is 584397433 a prime number?
False
Is 1907401673 composite?
True
Is 9848283811 composite?
False
Is 5456010489 a prime number?
False
Is 26422877 prime?
False
Is 53341669877 a composite number?
False
Is 1845061991 a prime number?
True
Is 3369191459 prime?
True
Is 281192239 a composite number?
True
Is 2282323913 prime?
False
Is 424857989 a prime number?
True
Is 11840036809 a prime number?
True
Is 1827141359 a composite number?
True
Is 833334193 a prime number?
False
Is 4031711773 prime?
True
Is 7050585097 composite?
True
Is 608837183 prime?
False
Is 8444325313 a composite number?
False
Is 2247990322 a composite number?
True
Is 344062285087 a composite number?
False
Is 267137411 composite?
False
Is 7124247821 a composite number?
False
Is 290098843 composite?
False
Is 1305723759 a composite number?
True
Is 2202816503 a prime number?
True
Is 325780691 composite?
False
Is 6998472907 composite?
False
Is 4267807729 composite?
False
Is 4689645014 composite?
True
Is 10421241487 a prime number?
True
Is 18593349713 a prime number?
True
Is 386213869 composite?
False
Is 51217491109 composite?
False
Is 121519949 a prime number?
True
Is 1207613026 a composite number?
True
Is 87317485 prime?
False
Is 36618843641 prime?
False
Is 576367921 a composite number?
False
Is 4279028641 prime?
True
Is 356924957 a prime number?
True
Is 104546969 a prime number?
True
Is 134828691455 composite?
True
Is 139501731593 a composite number?
True
Is 2368997101 a composite number?
False
Is 42910964449 a composite number?
True
Is 1751226601 a prime number?
False
Is 1117541081 composite?
True
Is 19784659933 composite?
False
Is 8165907821 a prime number?
False
Is 6284531987 a composite number?
True
Is 4425822809 prime?
False
Is 1928364521 composite?
True
Is 370704401 prime?
False
Is 1208047411 prime?
False
Is 3874141741 prime?
True
Is 94985583461 composite?
True
Is 21425822767 prime?
False
Is 262929509 prime?
False
Is 17152900214 prime?
False
Is 1214864753 prime?
False
Is 9685639169 a composite number?
True
Is 3511532287 prime?
False
Is 50896553633 a prime number?
True
Is 71706263 composite?
True
Is 26116074401 a composite number?
False
Is 3442340045 prime?
False
Is 231234683 composite?
False
Is 1810341233 prime?
True
Is 2435941553 prime?
True
Is 4791255629 prime?
False
Is 2450825831 a prime number?
True
Is 51036803791 a composite number?
True
Is 103100779 composite?
False
Is 50240209 composite?
True
Is 758976979 composite?
True
Is 4627633151 composite?
False
Is 42220137347 a composite number?
True
Is 50994228139 a composite number?
False
Is 2820890273 composite?
False
Is 7020338753 a composite number?
True
Is 867619241 a composite number?
False
Is 2204180749 composite?
False
Is 8437725161 a composite number?
False
Is 4407590879 a prime number?
True
Is 5210232007 composite?
True
Is 1096057021 prime?
False
Is 1296768149 prime?
False
Is 5457217189 composite?
True
Is 1285330979 prime?
False
Is 552822281 composite?
True
Is 722578541 a prime number?
False
Is 22917420035 a prime number?
False
Is 297890335595 a prime number?
False
Is 2656116679 a composite number?
False
Is 160781426047 a composite number?
True
Is 46747567279 composite?
True
Is 735610443 a prime number?
False
Is 3371814609 composite?
True
Is 2261639771 prime?
True
Is 3451849771 a prime number?
True
Is 776800853 composite?
False
Is 79072489 prime?
False
Is 1410542851 prime?
True
Is 399720929 a prime number?
False
Is 309373793 composite?
False
Is 44299188967 composite?
True
Is 115605305479 a composite number?
True
Is 50935854631 composite?
True
Is 1010623759 prime?
True
Is 22508231567 composite?
False
Is 3513176917 a prime number?
True
Is 1035882151 a prime number?
True
Is 2350605221 prime?
False
Is 645684889 prime?
True
Is 55673865917 a prime number?
True
Is 42045905491 composite?
False
Is 2091655043 a composite number?
True
Is 35955507277 a composite number?
False
Is 1327701353 prime?
False
Is 3660587471 a prime number?
False
Is 4010339 prime?
True
Is 3466788641 composite?
True
Is 1389835319 a prime number?
False
Is 111470731 prime?
True
Is 5411248345 prime?
False
Is 5317945987 composite?
True
Is 28819213589 a composite number?
False
Is 1387003567 composite?
False
Is 9930203779 a prime number?
False
Is 1417992701 prime?
True
Is 7131669569 composite?
False
Is 11127999497 composite?
True
Is 233159597 a prime number?
False
Is 66677510017 prime?
True
Is 36827880763 a composite number?
True
Is 20326021927 a composite number?
False
Is 25349577809 a prime number?
False
Is 32280096029 composite?
False
Is 40968901 composite?
True
Is 660255101 composite?
True
Is 1368141217 prime?
True
Is 422248727 a composite number?
False
Is 104176939 a composite number?
True
Is 6451681547 a composite number?
False
Is 211170300293 a prime number?
True
Is 7524522449 composite?
False
Is 20310726377 prime?
True
Is 84977328581 a prime number?
False
Is 1699914289 a composite number?
True
Is 1279347719 a composite number?
True
Is 11229390713 a composite number?
True
Is 386255183 prime?
True
Is 3196568971 a composite number?
True
Is 108735316523 prime?
True
Is 51344224249 composite?
True
Is 1692227437 a prime number?
False
Is 4819287653 prime?
False
Is 18756570353 a composite number?
False
Is 2512296067 a composite number?
False
Is 208964784427 prime?
False
Is 7012648523 a prime number?
True
Is 1213498259 a composite number?
True
Is 3977465293 a prime number?
True
Is 133061793 composite?
True
Is 291376301 a composite number?
True
Is 204718211 composite?
True
Is 67224761 a prime number?
True
Is 10293013189 prime?
False
Is 6436415893 a prime number?
False
Is 522441607 composite?
True
Is 3817898797 prime?
False
Is 20035244287 composite?
True
Is 661791401 prime?
True
Is 7545872323 prime?
False
Is 1792089847 a prime number?
True
Is 267184739 prime?
True
Is 654549089 a composite number?
False
Is 6913704533 a composite number?
False
Is 1383259643 prime?
True
Is 7780996709 composite?
False
Is 34817066 a composite number?
True
Is 3840225139 prime?
True
Is 8473649669 a prime number?
True
Is 6848854063 prime?
True
Is 1522642591 composite?
True
Is 12047376571 a prime number?
True
Is 3979327787 a composite number?
False
Is 6707815217 a composite number?
True
Is 1491901889 a composite number?
True
Is 33095526853 a prime number?
True
Is 5421668401 a composite number?